er when 274259 is divided by 5.
4
What is the remainder when 112201 is divided by 5092?
177
What is the remainder when 52534 is divided by 1368?
550
What is the remainder when 5389019 is divided by 912?
11
Calculate the remainder when 29564849 is divided by 175.
174
Calculate the remainder when 731729 is divided by 365843.
43
What is the remainder when 4694535 is divided by 416?
391
What is the remainder when 15821281 is divided by 8?
1
Calculate the remainder when 7931465 is divided by 11016.
10961
Calculate the remainder when 741719 is divided by 229.
217
What is the remainder when 4269918 is divided by 4269513?
405
What is the remainder when 53447 is divided by 550?
97
What is the remainder when 201150939 is divided by 8079?
8076
Calculate the remainder when 28960 is divided by 13959.
1042
What is the remainder when 4321438 is divided by 1440463?
49
What is the remainder when 7428425 is divided by 142?
121
Calculate the remainder when 3686034 is divided by 64.
18
Calculate the remainder when 10134048 is divided by 1266755.
8
What is the remainder when 19588 is divided by 22?
8
What is the remainder when 165949416 is divided by 10371838?
8
What is the remainder when 1004077 is divided by 11953?
25
Calculate the remainder when 1172406 is divided by 40409.
545
What is the remainder when 192411488 is divided by 391?
388
What is the remainder when 59519782 is divided by 7439967?
46
Calculate the remainder when 231748 is divided by 43.
21
Calculate the remainder when 4364882 is divided by 10620.
62
Calculate the remainder when 943384 is divided by 471333.
718
Calculate the remainder when 3205 is divided by 103.
12
Calculate the remainder when 50065146 is divided by 3337673.
51
What is the remainder when 17274234 is divided by 4318551?
30
What is the remainder when 62627066 is divided by 337?
334
What is the remainder when 6837677 is divided by 1807?
1796
Calculate the remainder when 92554 is divided by 23132.
26
What is the remainder when 1292397 is divided by 1289537?
2860
What is the remainder when 16418 is divided by 1010?
258
Calculate the remainder when 264392 is divided by 2936.
152
Calculate the remainder when 314221 is divided by 171.
94
What is the remainder when 128717 is divided by 6527?
4704
What is the remainder when 4744672 is divided by 186?
184
Calculate the remainder when 16636109 is divided by 2772678.
41
What is the remainder when 5228902 is divided by 84337?
8
Calculate the remainder when 1411543 is divided by 3201.
3103
What is the remainder when 7344735 is divided by 1479?
21
Calculate the remainder when 588697 is divided by 49057.
13
What is the remainder when 14373940 is divided by 1181?
1170
Calculate the remainder when 175250 is divided by 17524.
10
What is the remainder when 192192577 is divided by 8385?
8377
Calculate the remainder when 2854819 is divided by 259527.
22
Calculate the remainder when 69434 is divided by 34.
6
What is the remainder when 18898478 is divided by 2256?
2222
What is the remainder when 10604 is divided by 1074?
938
Calculate the remainder when 207481 is divided by 207373.
108
Calculate the remainder when 2949237 is divided by 33.
27
Calculate the remainder when 143605418 is divided by 47868468.
14
What is the remainder when 1436090 is divided by 4724?
4718
Calculate the remainder when 17881119 is divided by 64090.
9
What is the remainder when 6504208 is divided by 572?
568
What is the remainder when 161255 is divided by 129?
5
Calculate the remainder when 480621 is divided by 3337.
93
Calculate the remainder when 2517153 is divided by 2323.
1344
What is the remainder when 43244 is divided by 1083?
1007
Calculate the remainder when 458338 is divided by 38192.
34
Calculate the remainder when 10398230 is divided by 3577.
3468
What is the remainder when 318337 is divided by 56?
33
What is the remainder when 43666280 is divided by 465?
455
Calculate the remainder when 835915 is divided by 810.
805
Calculate the remainder when 1344830 is divided by 14459.
143
Calculate the remainder when 26032950 is divided by 2126.
80
Calculate the remainder when 92812 is divided by 1287.
148
What is the remainder when 7313956 is divided by 379?
14
What is the remainder when 410406 is divided by 597?
267
What is the remainder when 5507779 is divided by 20?
19
Calculate the remainder when 17180 is divided by 2560.
1820
Calculate the remainder when 3147646 is divided by 72.
22
What is the remainder when 70914 is divided by 7084?
74
Calculate the remainder when 161555 is divided by 5041.
243
Calculate the remainder when 17254850 is divided by 635.
630
What is the remainder when 122093 is divided by 152?
37
What is the remainder when 2800285 is divided by 391?
334
What is the remainder when 156074 is divided by 25982?
182
Calculate the remainder when 5420387 is divided by 407.
368
What is the remainder when 2348245 is divided by 2348235?
10
Calculate the remainder when 11425 is divided by 150.
25
What is the remainder when 26334 is divided by 1097?
6
Calculate the remainder when 21169303 is divided by 107.
102
Calculate the remainder when 6007017 is divided by 62573.
9
Calculate the remainder when 561707 is divided by 21.
20
Calculate the remainder when 74002575 is divided by 3523932.
3
What is the remainder when 20565213 is divided by 909?
906
What is the remainder when 603776 is divided by 5?
1
What is the remainder when 152981912 is divided by 77?
6
What is the remainder when 103537607 is divided by 12942200?
7
Calculate the remainder when 148209 is divided by 573.
375
What is the remainder when 41427930 is divided by 11?
5
Calculate the remainder when 972464 is divided by 48.
32
What is the remainder when 34343 is divided by 350?
43
Calculate the remainder when 598953 is divided by 12222.
75
Calculate the remainder when 41373 is divided by 2336.
1661
Calculate the remainder when 19962 is divided by 4377.
2454
Calculate the remainder when 434855 is divided by 669.
5
Calculate the remainder when 505330 is divided by 36086.
126
Calculate the remainder when 14940061 is divided by 7024.
13
What is the remainder when 2459082 is divided by 144?
138
Calculate the remainder when 102293625 is divided by 1658.
1657
Calculate the remainder when 427412 is divided by 142142.
986
What is the remainder when 3033560 is divided by 758388?
8
What is the remainder when 4764372 is divided by 56051?
37
What is the remainder when 81611 is divided by 13399?
1217
What is the remainder when 9533572 is divided by 561?
499
Calculate the remainder when 396990 is divided by 49598.
206
Calculate the remainder when 18541024 is divided by 9270506.
12
What is the remainder when 2566688 is divided by 266?
54
Calculate the remainder when 20461371 is divided by 3235.
3231
Calculate the remainder when 12090625 is divided by 2335.
2330
Calculate the remainder when 17145807 is divided by 10218.
3
Calculate the remainder when 135921 is divided by 4711.
4013
What is the remainder when 1744368460 is divided by 107?
104
Calculate the remainder when 423144 is divided by 1640.
24
What is the remainder when 6422 is divided by 1264?
102
What is the remainder when 30945622 is divided by 1547279?
42
Calculate the remainder when 1351705 is divided by 194.
107
Calculate the remainder when 19586 is divided by 68.
2
What is the remainder when 4905137 is divided by 1767?
1712
What is the remainder when 26004335 is divided by 5200864?
15
Calculate the remainder when 667989 is divided by 44524.
129
Calculate the remainder when 178165 is divided by 2027.
1816
What is the remainder when 1311486 is divided by 746?
18
Calculate the remainder when 4423163 is divided by 44231.
63
What is the remainder when 143433 is divided by 47495?
948
What is the remainder when 247716 is divided by 247547?
169
What is the remainder when 49257494 is divided by 3115?
3114
What is the remainder when 721278 is divided by 144254?
8
Calculate the remainder when 16430481 is divided by 5246.
9
What is the remainder when 1799761 is divided by 16817?
342
Calculate the remainder when 101413 is divided by 262.
19
What is the remainder when 788805 is divided by 552?
549
What is the remainder when 14865 is divided by 7256?
353
Calculate the remainder when 4915193 is divided by 91021.
59
Calculate the 